 6 + -11. Let f(q) be the first derivative of -q**4/6 - 7*q**3/6 - 4*q**2 + 10. Let o(i) be the second derivative of f(i). Determine o(c).
13
Let u(b) = -b**2 - 11*b + 9. Let p(i) = i**3 + 9*i**2 - 8*i + 8. Let s be p(-10). Determine u(s).
-3
Let a(j) = j + 3. Suppose -5*n - 19 = 4*s + 22, -5*n - 5 = -5*s. What is a(s)?
-1
Let f(j) = 4*j + 7. Suppose 0 = 11*p + 69 + 8. Give f(p).
-21
Suppose -4*z - 4*f = -16, 2*z - f - 3*f = 38. Let p(l) = -2*l**2 + 2 + 6*l**2 + 10*l - z*l. What is p(-2)?
16
Let h(b) = 13*b**3 - 6*b**2 + 25*b - 48. Let y(x) = 3*x**3 - 2*x**2 + 6*x - 11. Let s(g) = -2*h(g) + 9*y(g). Give s(4).
-19
Let l be ((-6)/5)/((-8)/(-40)) + 8. Let c(g) = 21*g - 1. Give c(l).
41
Let h(m) = 3*m + 4. Let p be (-2 - 6)*(-6)/(-2). Let x = p - -34. Suppose 6 = x*o - 12*o. Determine h(o).
-5
Let r(w) = w**3 - 7*w**2 - 5. Suppose 0 = 7*o - o - 60. Suppose -o*j + 13*j - 21 = 0. Give r(j).
-5
Let f(i) = -i**3 + 4*i**2 + 1. Suppose 4*g + 3*g = 21. Give f(g).
10
Let j(i) = -i**2 - 5*i - 3. Suppose t = -36 + 72. Let b = t + -40. Calculate j(b).
1
Let f(c) = c**3 - 9*c**2 + 13*c - 7. Let i(o) = -5*o**3 + 46*o**2 - 66*o + 34. Let y(g) = 11*f(g) + 2*i(g). Give y(5).
-4
Let z(g) = 2*g - 6. Let l be (-8)/(9/(-6) - (-2)/4). Determine z(l).
10
Suppose 0 = 2*p + p - 3. Let u = p + -5. Let l(h) = -h**3 - 4*h**2 - h - 2. Determine l(u).
2
Let a(u) be the third derivative of u**6/60 - u**5/15 - u**4/24 + u**3/2 + 174*u**2 + u. Give a(3).
18
Suppose 21*j - 25*j = -840. Let t(x) = -2*x + j - 210. Determine t(4).
-8
Let g(w) = -w + 14. Let o(d) = -d - 1. Let z(j) = j**2 + 16*j + 15. Let b(f) = 22*o(f) + 2*z(f). Let k be b(-4). What is g(k)?
14
Suppose -10*f - 17*f = -6*f. Let i(p) = -p**2 - p - 16. Give i(f).
-16
Suppose 2*z = -4*k + z + 19, -4*z + 6 = 2*k. Let p(s) = -s**2 + 2*s - k + 1 - 11*s. What is p(-6)?
14
Let y(m) be the second derivative of -m**3/3 + 3*m**2 + m - 405. Give y(-17).
40
Let j be 6/((-18)/(-15)) - 1. Let x(z) = -z**3 - z + 1. Let u(h) = 4*h**2 - 2*h + 6 - 6*h - 6*h**3 + 3*h. Let d(t) = -u(t) + 5*x(t). What is d(j)?
-1
Let z(l) = -l - 1. Suppose 23*n = 18*n - 100. Let r be (n/25)/(-2)*10. Calculate z(r).
-5
Let w = 57 - -84. Let j(o) = 1 + 140*o**2 - w*o**2 + 2. Let b(s) = s + 3. Let n be b(-3). Calculate j(n).
3
Let k = 22 + -9. Let n = k + -14. Let w(x) = 11*x**3 + x**2 - x - 1. Give w(n).
-10
Suppose -2*u - 2 = -u. Let k(x) = 11*x**3 - 2 - 10*x**3 + 8*x**2 - 8*x**2. Calculate k(u).
-10
Let m be (1 - 4/(-6) - 18538/2418) + -2. Let k(u) be the second derivative of u**5/20 + 7*u**4/12 - 3*u**3/2 - 11*u**2/2 + u. Determine k(m).
-3
Let f(y) = 4309 - y**2 - 8626 + y + 4315. Let a(w) = -w**3 - w**2 + 3. Let v be a(0). Let n = v - 1. Calculate f(n).
-4
Let p = -1 + 1. Let g(d) = 5*d**2 + 31338 - 4*d**2 - 31326. Determine g(p).
12
Let z(n) = n + 7. Let w be z(14). Let t(x) = w + 17 - 36 - x**2 + 0*x**2 - x. Calculate t(3).
-10
Let d be ((-8)/3 - -2)*6. Let h be -2 - d - -3*1. Let b(i) = i**2 - 6*i + 6. What is b(h)?
1
Let x(c) = 7*c + 72. Let k be x(-10). Let m(a) be the second derivative of -a**3 - 4*a + 1/12*a**4 + 0 + a**k. Determine m(4).
-6
Let r(l) = -13*l**3 + l**2 + 2*l + 1. Suppose -5*z - 10 = -5*n - 5, n + 7 = -3*z. Give r(n).
13
Let x(f) = 0*f - 9 + 13 - 3 - 3*f - 30*f**2 + 28*f**2. Determine x(-2).
-1
Let v be (-2 - -5) + 0/(-2). Suppose -4*d + 9 = -v*q, 4*d - 2*d - 5*q - 15 = 0. Let n be d + 6/2 + 0. Let y(f) = -f**3 + 4*f**2 - f + 1. What is y(n)?
7
Let j(d) = -d + 1. Suppose 3*c + 3 = -5*k + 10, -5*c - 3*k + 17 = 0. Suppose 5*o + 35 = -5*t, 4*o - c*t + 13 = -7. Determine j(o).
7
Let q(x) = -3 - 3*x + 31*x**2 + 2*x + 4 - 35*x**2 - 4. What is q(4)?
-71
Let q(u) = -u**2 + 5*u + 3. Let v(b) = -b**3 + 18*b**2 - b + 23. Let f = 9 - -9. Let r be v(f). Determine q(r).
3
Let v(x) = 2*x**2 - 5*x - 1. Suppose 17*y = 106 - 4. Calculate v(y).
41
Let g(i) = -8*i**3 + 2*i - 1 - 7*i**3 - 7*i**3 + 16*i**3. Determine g(1).
-5
Let y(w) = 0*w + 7 - 4*w + 10*w - w - 6*w. Determine y(-14).
21
Let z(q) = q**2 - q - 9. Let p be z(-3). Let k(h) be the second derivative of 0 + 3/2*h**2 - 4*h + 5/6*h**p + 1/6*h**4. Determine k(-3).
6
Let g = -67 - -69. Let v(r) = 17 + 12 + 11 - 38 - r**2. Determine v(g).
-2
Let j(g) = 7*g - 33. Suppose -23 = 28*q - 135. Determine j(q).
-5
Suppose 2*d = -5*q - 16, -4*q - 14 = -3*d + 5*d. Let w(n) = n - 2. Give w(q).
-4
Let a = -3799/24 + 317/2. Let p(t) be the third derivative of 4/3*t**3 + 8*t**2 - a*t**4 - 1/60*t**5 + 0 + 0*t. Give p(-6).
2
Let i(f) = -19*f + 4 + 16*f - 2*f. Determine i(2).
-6
Let c(d) = -d - 3. Let n be -5 + 3 + 9/3 - -6. Suppose n = -6*k - 29. What is c(k)?
3
Let h(a) = a - 20. Let x(p) = -p**3 + 5*p**2 + 14*p + 4. Let m be x(7). Determine h(m).
-16
Let f = -17 - -6. Let n = 12 + f. Let l(v) = 25*v - 8*v - 2*v - 9*v. Determine l(n).
6
Let t = -36 - -45. Suppose -2*g - 3 = 5, 0 = 5*n - 4*g + t. Let q(i) = -i**3 - 6*i**2 - 8*i - 7. What is q(n)?
8
Suppose 6*c + 120 = 5*z + c, 0 = 4*c - 12. Let h be 6/z - -7*(-2)/(-18). Let d(y) = 19*y - 1. Let k(p) = -37*p + 2. Let q(x) = -11*d(x) - 6*k(x). What is q(h)?
12
Suppose -2 = -z - 0*z. Let v = z - 7. Let i(l) = -4*l**2 - l + 2. Let d(w) = w**2 + w - 1. Let b(j) = 5*d(j) + i(j). Calculate b(v).
2
Let q(v) = -6*v + 1. Let d be q(1). Let y be d/(-2)*(-40)/(-25). Suppose -20 = u + 5*f, 0*f = y*u + 3*f + 29. Let k(s) = -s**2 - 6*s - 2. Determine k(u).
3
Let f(v) = v + 10. Let m be f(4). Let p be (-1 - 0)*(4 - (m + -5)). Let d(c) = -c**3 + 4*c**2 + 3*c + 2. Calculate d(p).
-8
Let s(j) = -6 + 3*j**3 - 3*j**3 - 6*j**2 - 2 + j**3. Determine s(6).
-8
Let s(w) be the third derivative of -w**5/60 - 5*w**4/12 + 4*w**3/3 + 55*w**2. What is s(-11)?
-3
Let f(v) = -v + 4*v - 10*v - 5 - 2. Give f(-5).
28
Let r(o) = -2*o + 0*o + 1 + 9*o**3 - 8*o**3 - 7*o**2 - 2. Calculate r(7).
-15
Suppose 34 = 5*j + 12*j. Let g(u) be the first derivative of 5*u - u**3 + 1 - 1/4*u**4 + 2*u**j. What is g(-4)?
5
Let v(g) = -g + 2. Let z(t) = 24*t - 75. Let q be z(3). Determine v(q).
5
Let d(r) = -r**3 - r. Let v(w) = 12*w**2 - 9*w - 8. Let g(o) = d(o) + v(o). Give g(11).
3
Let y(o) = -3*o + 4. Let p(g) = -2*g + 3. Suppose 6*w + 32 = 2*w. Let j = -5 - w. Let k(z) = j*y(z) - 4*p(z). Give k(5).
-5
Let r(x) = 2*x**2 + 5*x - 2. Suppose 0 = z - 4*z + 6. Determine r(z).
16
Let m = -12 - 0. Let c(k) = -k**3 - 11*k**2 + 10*k - 26. Let y be c(m). Let o(p) = -p**3 - p**2 - p + 2. Calculate o(y).
8
Let p(l) = 4*l**3 + 11*l**2 - 2*l - 1. Let u(a) = 3*a**3 + 9*a**2 - 1. Let o(q) = 2*p(q) - 3*u(q). Give o(-4).
1
Suppose -4*q = -13 - 7. Let i(r) = -r + 9. Let f be i(q). Let m(o) be the first derivative of -o**3/3 + 3*o**2/2 + 3*o + 1. Determine m(f).
-1
Let o be ((-6)/14 - -1)/(956/3346). Let g(v) be the third derivative of -v**4/8 - v**3/3 - v**2. What is g(o)?
-8
Let f(y) be the third derivative of -1/60*y**5 + 1/24*y**6 + 4*y**2 + 0*y - 1/6*y**3 - 1/24*y**4 + 0. Calculate f(-1).
-6
Let g(x) be the second derivative of -x**6/180 - x**5/120 + 7*x**3/2 + 19*x. Let q(j) be the second derivative of g(j). Give q(-1).
-1
Let q(v) = -v**2 - 8*v + 6. Suppose c = -3*f - 31, -f + 11*c = 13*c + 17. What is q(f)?
-3
Let c be 12*(0 - (-1)/3). Suppose 3*i = 4*h + 4*i + 2, -3*h + 8 = -c*i. Let d(o) = -o + 5. Determine d(h).
5
Let h be 7/(-3) - (-2)/6. Let v(i) = -i**3 - 748*i**2 - 9*i + 17. Let d(q) = 166*q**2 + 2*q - 4. Let k(c) = 9*d(c) + 2*v(c). What is k(h)?
6
Let g(x) = 2*x**2 + 5*x - 9. Let v = 248 - 251. What is g(v)?
-6
Let h(x) = 2*x**2 + 0*x - x**2 + x + 3. Let n = -47 + 55. Suppose 4*o = n*o - 5*o. What is h(o)?
3
Let b(g) = 2*g**3 + 3*g**2 + 2*g - 2. Let f(w) = -3*w + 10. Let y be 12/2*(-162)/36. Let h = y + 31. Let v be f(h). What is b(v)?
-10
Let g(i) be the first derivative of 2*i + 32 - 1/2*i**2. Let x be 3/(2 - (-3)/(-2)). Determine g(x).
-4
Let v = -10 + 12. Let p(q) = 5*q**v - q**3 - 5 - q**3 - q + 3*q**3. Determine p(-5).
0
Let k = -1 - -4. Suppose 0*f - 10 = 2*f - 5*i, 0 = k*f - 3*i + 6. Let g(l) = -11*l - 6. Let c(q) = 2*q. Let m(x) = 6*c(x) + g(x). What is m(f)?
-6
Let t(v) = v**3 - 2*v**2 + v - 1. Suppose -m = -6*m. Let w = 1 + m. Calculate t(w).
-1
Let z(g) = g + 4. Let m(r) = -2*r - 4. Let k(b) = 2*m(b) + 3*z(b). Let n(d) = 8*d**2 + 0 - 3*d**3 + 3 - 4*d - 3*d**2 + 2*d**3. Let j be n(4). What is k(j)?
